{"id":2,"date":"2024-10-31T14:57:10","date_gmt":"2024-10-31T14:57:10","guid":{"rendered":"https:\/\/luismigueldantas.com\/?page_id=2"},"modified":"2025-11-07T01:47:56","modified_gmt":"2025-11-07T01:47:56","slug":"sample-page","status":"publish","type":"page","link":"https:\/\/luismigueldantas.com\/","title":{"rendered":"Home"},"content":{"rendered":"<p>[et_pb_section fb_built=&#8221;1&#8243; _builder_version=&#8221;4.24.2&#8243; _module_preset=&#8221;default&#8221; background_color=&#8221;gcid-555f765c-f894-450b-b9e2-169a23b01a51&#8243; background_enable_image=&#8221;off&#8221; custom_padding=&#8221;25px||1px|||&#8221; global_colors_info=&#8221;{%22gcid-555f765c-f894-450b-b9e2-169a23b01a51%22:%91%22background_color%22%93}&#8221;][et_pb_row _builder_version=&#8221;4.24.2&#8243; _module_preset=&#8221;default&#8221; width=&#8221;87.5%&#8221; custom_padding=&#8221;7px|||||&#8221; global_colors_info=&#8221;{}&#8221; custom_margin=&#8221;-14px|auto||auto||&#8221;][et_pb_column type=&#8221;4_4&#8243; _builder_version=&#8221;4.24.2&#8243; _module_preset=&#8221;default&#8221; global_colors_info=&#8221;{}&#8221;][et_pb_text _builder_version=&#8221;4.24.2&#8243; _module_preset=&#8221;0e55e092-013c-41bf-8ca2-8ba722dfee17&#8243; text_font=&#8221;Cormorant Upright||||||||&#8221; text_text_color=&#8221;gcid-f6d37c03-5d24-466a-817a-5f8f247bddac&#8221; text_font_size=&#8221;63px&#8221; text_line_height=&#8221;1.8em&#8221; header_text_color=&#8221;gcid-11d3dbbb-f6dc-4fb8-929b-9d6994368d00&#8243; text_orientation=&#8221;center&#8221; custom_margin=&#8221;9px||1px|||&#8221; text_font_size_tablet=&#8221;100px&#8221; text_font_size_phone=&#8221;48px&#8221; text_font_size_last_edited=&#8221;on|phone&#8221; locked=&#8221;off&#8221; global_colors_info=&#8221;{%22gcid-11d3dbbb-f6dc-4fb8-929b-9d6994368d00%22:%91%22header_text_color%22%93,%22gcid-f6d37c03-5d24-466a-817a-5f8f247bddac%22:%91%22text_text_color%22%93}&#8221; custom_padding=&#8221;0px|||||&#8221;]<\/p>\n<p><img data-recalc-dims=\"1\" loading=\"lazy\" decoding=\"async\" src=\"https:\/\/i0.wp.com\/luismigueldantas.com\/wp-content\/uploads\/2025\/01\/so_letring.jpg?resize=345%2C146&#038;ssl=1\" width=\"345\" height=\"146\" alt=\"\" class=\"wp-image-643 alignnone size-medium\" style=\"display: block; margin-left: auto; margin-right: auto;\" \/><\/p>\n<p>[\/et_pb_text][et_pb_image src=&#8221;https:\/\/luismigueldantas.com\/wp-content\/uploads\/2024\/12\/frontpage_header.png&#8221; title_text=&#8221;frontpage_header&#8221; disabled_on=&#8221;on|on|off&#8221; _builder_version=&#8221;4.24.2&#8243; _module_preset=&#8221;default&#8221; min_height=&#8221;536.3px&#8221; custom_margin=&#8221;-11px|||||&#8221; custom_padding=&#8221;|66px||66px||true&#8221; global_colors_info=&#8221;{}&#8221;][\/et_pb_image][et_pb_image src=&#8221;https:\/\/luismigueldantas.com\/wp-content\/uploads\/2024\/12\/chart_square2.png&#8221; title_text=&#8221;chart_square2&#8243; disabled_on=&#8221;off|off|on&#8221; _builder_version=&#8221;4.24.2&#8243; _module_preset=&#8221;default&#8221; custom_margin=&#8221;-32px|||||&#8221; custom_padding=&#8221;|11px||11px||true&#8221; global_colors_info=&#8221;{}&#8221;][\/et_pb_image][\/et_pb_column][\/et_pb_row][\/et_pb_section][et_pb_section fb_built=&#8221;1&#8243; _builder_version=&#8221;4.24.2&#8243; _module_preset=&#8221;default&#8221; background_color=&#8221;gcid-d68f61e0-9d6b-4b0a-9c63-022d1205b424&#8243; custom_margin=&#8221;-7px|||||&#8221; custom_padding=&#8221;0px||20px|||&#8221; global_colors_info=&#8221;{%22gcid-d68f61e0-9d6b-4b0a-9c63-022d1205b424%22:%91%22background_color%22%93}&#8221;][et_pb_row _builder_version=&#8221;4.20.0&#8243; _module_preset=&#8221;default&#8221; width=&#8221;91%&#8221; max_width=&#8221;800px&#8221; locked=&#8221;off&#8221; global_colors_info=&#8221;{}&#8221;][et_pb_column type=&#8221;4_4&#8243; _builder_version=&#8221;4.20.0&#8243; _module_preset=&#8221;default&#8221; global_colors_info=&#8221;{}&#8221;][et_pb_text _builder_version=&#8221;4.24.2&#8243; _module_preset=&#8221;0e55e092-013c-41bf-8ca2-8ba722dfee17&#8243; text_font=&#8221;Cormorant Upright||||||||&#8221; text_text_color=&#8221;#FFFFFF&#8221; text_font_size=&#8221;51px&#8221; text_line_height=&#8221;1.8em&#8221; header_text_color=&#8221;gcid-11d3dbbb-f6dc-4fb8-929b-9d6994368d00&#8243; text_orientation=&#8221;center&#8221; custom_margin=&#8221;||0px|||&#8221; custom_padding=&#8221;||10px|||&#8221; text_font_size_tablet=&#8221;51px&#8221; text_font_size_phone=&#8221;35px&#8221; text_font_size_last_edited=&#8221;on|phone&#8221; global_colors_info=&#8221;{%22gcid-11d3dbbb-f6dc-4fb8-929b-9d6994368d00%22:%91%22header_text_color%22%93}&#8221;]<\/p>\n<p>Consulta de Astrologia<\/p>\n<p>[\/et_pb_text][et_pb_text _builder_version=&#8221;4.24.2&#8243; _module_preset=&#8221;6a6d54ff-ffc4-4312-bfae-43c6036d37f5&#8243; text_text_color=&#8221;#FFFFFF&#8221; header_5_text_color=&#8221;#FFFFFF&#8221; text_orientation=&#8221;center&#8221; global_colors_info=&#8221;{}&#8221;]<\/p>\n<p>Atrav\u00e9s da <strong>consulta de Astrologia<\/strong>, iniciar\u00e1s um processo profundo de <strong>expans\u00e3o da consci\u00eancia e descoberta pessoal<\/strong>. Vamos explorar juntos o prop\u00f3sito da tua vida, desdobrando os padr\u00f5es que a tua matriz astrol\u00f3gica revela \u2013 desde as tuas liberdades, cren\u00e7as e valores, at\u00e9 \u00e0s tuas responsabilidades, talentos e dons \u00fanicos.<\/p>\n<p>Ao longo deste caminho de <strong>autoconhecimento<\/strong> e entendimento das leis universais, assistir\u00e1s a uma expans\u00e3o gradual e multidimensional da tua consci\u00eancia. A tua criatividade, a liberdade espiritual, a responsabilidade e o sentido de justi\u00e7a caminhar\u00e3o lado a lado com valores \u00e9ticos universais. Este processo permite alinhares-te com a tua verdadeira ess\u00eancia, vivendo de forma mais consciente e plena.<\/p>\n<p>[\/et_pb_text][et_pb_button button_url=&#8221;@ET-DC@eyJkeW5hbWljIjp0cnVlLCJjb250ZW50IjoicG9zdF9saW5rX3VybF9wYWdlIiwic2V0dGluZ3MiOnsicG9zdF9pZCI6IjM2OSJ9fQ==@&#8221; button_text=&#8221;Marca aqui a tua consulta&#8221; button_alignment=&#8221;center&#8221; _builder_version=&#8221;4.27.4&#8243; _dynamic_attributes=&#8221;button_url&#8221; _module_preset=&#8221;b105b836-5a0b-4149-8313-bf705f4e3277&#8243; button_text_size=&#8221;18px&#8221; button_text_color=&#8221;gcid-555f765c-f894-450b-b9e2-169a23b01a51&#8243; button_bg_color=&#8221;gcid-f6d37c03-5d24-466a-817a-5f8f247bddac&#8221; button_letter_spacing=&#8221;0.1em&#8221; button_font=&#8221;Cormorant Upright|500||on|||||&#8221; custom_margin=&#8221;41px|||||&#8221; button_text_size_tablet=&#8221;18px&#8221; button_text_size_phone=&#8221;15px&#8221; button_text_size_last_edited=&#8221;on|phone&#8221; box_shadow_style=&#8221;preset1&#8243; box_shadow_color=&#8221;gcid-11d3dbbb-f6dc-4fb8-929b-9d6994368d00&#8243; locked=&#8221;off&#8221; global_colors_info=&#8221;{%22gcid-11d3dbbb-f6dc-4fb8-929b-9d6994368d00%22:%91%22button_text_color%22,%22box_shadow_color%22%93,%22gcid-f6d37c03-5d24-466a-817a-5f8f247bddac%22:%91%22button_bg_color%22%93,%22gcid-555f765c-f894-450b-b9e2-169a23b01a51%22:%91%22button_text_color%22%93}&#8221;][\/et_pb_button][\/et_pb_column][\/et_pb_row][\/et_pb_section][et_pb_section fb_built=&#8221;1&#8243; _builder_version=&#8221;4.24.2&#8243; _module_preset=&#8221;default&#8221; background_color=&#8221;gcid-555f765c-f894-450b-b9e2-169a23b01a51&#8243; custom_padding=&#8221;14px||20px|||&#8221; global_colors_info=&#8221;{%22gcid-555f765c-f894-450b-b9e2-169a23b01a51%22:%91%22background_color%22%93}&#8221;][et_pb_row _builder_version=&#8221;4.24.2&#8243; _module_preset=&#8221;default&#8221; custom_margin=&#8221;2px|auto||auto||&#8221; global_colors_info=&#8221;{}&#8221;][et_pb_column type=&#8221;4_4&#8243; _builder_version=&#8221;4.24.2&#8243; _module_preset=&#8221;default&#8221; global_colors_info=&#8221;{}&#8221;][et_pb_text _builder_version=&#8221;4.24.2&#8243; _module_preset=&#8221;316c7411-72ef-404a-b4dd-0f9e50beb3e2&#8243; text_text_color=&#8221;gcid-f6d37c03-5d24-466a-817a-5f8f247bddac&#8221; text_font_size=&#8221;41px&#8221; header_2_font=&#8221;Cormorant Upright||||||||&#8221; header_2_text_color=&#8221;#FFFFFF&#8221; text_orientation=&#8221;center&#8221; text_font_size_tablet=&#8221;41px&#8221; text_font_size_phone=&#8221;35px&#8221; text_font_size_last_edited=&#8221;on|phone&#8221; locked=&#8221;off&#8221; global_colors_info=&#8221;{%22gcid-f6d37c03-5d24-466a-817a-5f8f247bddac%22:%91%22text_text_color%22%93}&#8221;]<\/p>\n<p><span>Retiros futuros<\/span><\/p>\n<p>[\/et_pb_text][\/et_pb_column][\/et_pb_row][et_pb_row column_structure=&#8221;1_2,1_2&#8243; _builder_version=&#8221;4.24.2&#8243; _module_preset=&#8221;default&#8221; min_height=&#8221;169.8px&#8221; custom_padding=&#8221;||27px|||&#8221; global_colors_info=&#8221;{}&#8221;][et_pb_column type=&#8221;1_2&#8243; _builder_version=&#8221;4.24.2&#8243; _module_preset=&#8221;default&#8221; global_colors_info=&#8221;{}&#8221;][et_pb_text _builder_version=&#8221;4.24.2&#8243; _dynamic_attributes=&#8221;link_option_url&#8221; _module_preset=&#8221;0e55e092-013c-41bf-8ca2-8ba722dfee17&#8243; text_font=&#8221;Cormorant Upright||||||||&#8221; text_font_size=&#8221;41px&#8221; header_text_color=&#8221;gcid-11d3dbbb-f6dc-4fb8-929b-9d6994368d00&#8243; use_background_color_gradient=&#8221;on&#8221; background_color_gradient_stops=&#8221;rgba(255,251,247,0.64) 0%|rgba(255,251,247,0.64) 100%&#8221; background_color_gradient_overlays_image=&#8221;on&#8221; background_image=&#8221;https:\/\/luismigueldantas.com\/wp-content\/uploads\/2024\/11\/retreat-header.png&#8221; text_orientation=&#8221;center&#8221; custom_margin=&#8221;||-8px|||&#8221; custom_padding=&#8221;130px||130px||true|&#8221; link_option_url=&#8221;@ET-DC@eyJkeW5hbWljIjp0cnVlLCJjb250ZW50IjoicG9zdF9saW5rX3VybF9wYWdlIiwic2V0dGluZ3MiOnsicG9zdF9pZCI6IjcyIn19@&#8221; text_font_size_tablet=&#8221;41px&#8221; text_font_size_phone=&#8221;35px&#8221; text_font_size_last_edited=&#8221;on|phone&#8221; locked=&#8221;off&#8221; global_colors_info=&#8221;{%22gcid-11d3dbbb-f6dc-4fb8-929b-9d6994368d00%22:%91%22header_text_color%22%93}&#8221;]<\/p>\n<p>Alquimia d&#8217;Alma<\/p>\n<p>[\/et_pb_text][\/et_pb_column][et_pb_column type=&#8221;1_2&#8243; _builder_version=&#8221;4.24.2&#8243; _module_preset=&#8221;default&#8221; global_colors_info=&#8221;{}&#8221;][et_pb_text _builder_version=&#8221;4.24.2&#8243; _dynamic_attributes=&#8221;link_option_url&#8221; _module_preset=&#8221;0e55e092-013c-41bf-8ca2-8ba722dfee17&#8243; text_font=&#8221;Cormorant Upright||||||||&#8221; text_font_size=&#8221;41px&#8221; header_text_color=&#8221;gcid-11d3dbbb-f6dc-4fb8-929b-9d6994368d00&#8243; use_background_color_gradient=&#8221;on&#8221; background_color_gradient_stops=&#8221;rgba(255,251,247,0.64) 0%|rgba(255,251,247,0.64) 100%&#8221; background_color_gradient_overlays_image=&#8221;on&#8221; background_image=&#8221;https:\/\/luismigueldantas.com\/wp-content\/uploads\/2024\/11\/toquesagrado_miguel_dantas.png&#8221; text_orientation=&#8221;center&#8221; custom_margin=&#8221;||2px|||&#8221; custom_padding=&#8221;130px||130px||true|&#8221; link_option_url=&#8221;https:\/\/luismigueldantas.com\/index.php\/toque-sagrado\/&#8221; text_font_size_tablet=&#8221;41px&#8221; text_font_size_phone=&#8221;35px&#8221; text_font_size_last_edited=&#8221;on|phone&#8221; locked=&#8221;off&#8221; global_colors_info=&#8221;{%22gcid-11d3dbbb-f6dc-4fb8-929b-9d6994368d00%22:%91%22header_text_color%22,%22header_text_color%22%93}&#8221;]<\/p>\n<p><span>Toque Sagrado<\/span><\/p>\n<p>[\/et_pb_text][\/et_pb_column][\/et_pb_row][\/et_pb_section]<\/p>\n","protected":false},"excerpt":{"rendered":"<p>Consulta de AstrologiaAtrav\u00e9s da consulta de Astrologia, iniciar\u00e1s um processo profundo de expans\u00e3o da consci\u00eancia e descoberta pessoal. Vamos explorar juntos o prop\u00f3sito da tua vida, desdobrando os padr\u00f5es que a tua matriz astrol\u00f3gica revela \u2013 desde as tuas liberdades, cren\u00e7as e valores, at\u00e9 \u00e0s tuas responsabilidades, talentos e dons \u00fanicos. Ao longo deste caminho [&hellip;]<\/p>\n","protected":false},"author":1,"featured_media":0,"parent":0,"menu_order":0,"comment_status":"closed","ping_status":"open","template":"","meta":{"_et_pb_use_builder":"on","_et_pb_old_content":"<!-- wp:paragraph -->\n<p>This is an example page. It's different from a blog post because it will stay in one place and will show up in your site navigation (in most themes). Most people start with an About page that introduces them to potential site visitors. It might say something like this:<\/p>\n<!-- \/wp:paragraph -->\n\n<!-- wp:quote -->\n<blockquote class=\"wp-block-quote\"><p>Hi there! I'm a bike messenger by day, aspiring actor by night, and this is my website. I live in Los Angeles, have a great dog named Jack, and I like pi&#241;a coladas. (And gettin' caught in the rain.)<\/p><\/blockquote>\n<!-- \/wp:quote -->\n\n<!-- wp:paragraph -->\n<p>...or something like this:<\/p>\n<!-- \/wp:paragraph -->\n\n<!-- wp:quote -->\n<blockquote class=\"wp-block-quote\"><p>The XYZ Doohickey Company was founded in 1971, and has been providing quality doohickeys to the public ever since. Located in Gotham City, XYZ employs over 2,000 people and does all kinds of awesome things for the Gotham community.<\/p><\/blockquote>\n<!-- \/wp:quote -->\n\n<!-- wp:paragraph -->\n<p>As a new WordPress user, you should go to <a href=\"https:\/\/luismigueldantas.com\/wp-admin\/\">your dashboard<\/a> to delete this page and create new pages for your content. Have fun!<\/p>\n<!-- \/wp:paragraph -->","_et_gb_content_width":"","advanced_seo_description":"","jetpack_seo_html_title":"","jetpack_seo_noindex":false,"footnotes":""},"class_list":["post-2","page","type-page","status-publish","hentry"],"jetpack_sharing_enabled":true,"_links":{"self":[{"href":"https:\/\/luismigueldantas.com\/index.php\/wp-json\/wp\/v2\/pages\/2","targetHints":{"allow":["GET"]}}],"collection":[{"href":"https:\/\/luismigueldantas.com\/index.php\/wp-json\/wp\/v2\/pages"}],"about":[{"href":"https:\/\/luismigueldantas.com\/index.php\/wp-json\/wp\/v2\/types\/page"}],"author":[{"embeddable":true,"href":"https:\/\/luismigueldantas.com\/index.php\/wp-json\/wp\/v2\/users\/1"}],"replies":[{"embeddable":true,"href":"https:\/\/luismigueldantas.com\/index.php\/wp-json\/wp\/v2\/comments?post=2"}],"version-history":[{"count":39,"href":"https:\/\/luismigueldantas.com\/index.php\/wp-json\/wp\/v2\/pages\/2\/revisions"}],"predecessor-version":[{"id":1097,"href":"https:\/\/luismigueldantas.com\/index.php\/wp-json\/wp\/v2\/pages\/2\/revisions\/1097"}],"wp:attachment":[{"href":"https:\/\/luismigueldantas.com\/index.php\/wp-json\/wp\/v2\/media?parent=2"}],"curies":[{"name":"wp","href":"https:\/\/api.w.org\/{rel}","templated":true}]}}